 the prime factors of (x - -162) + (1 - -5)?
13
Let u(j) = -17*j**3 - 8*j**2 + 13*j - 10. Let x(s) = -2*s**3 + s**2 - s. Let n(k) = -u(k) - 3*x(k). What are the prime factors of n(3)?
2, 17, 19
Let z(u) = -3*u**3 + 2*u**2 - 6. Let h be z(5). Let n = h + 660. List the prime factors of n.
7, 47
Let m(s) = 1913*s**2 + 200*s + 394. What are the prime factors of m(-2)?
2, 3823
What are the prime factors of ((-75)/4 - (-69 + 51)) + (-112126)/(-8)?
5, 2803
Suppose 0 = -31*g - 5949 + 29292. Suppose 4*d - 3012 = -2*p, -25*d + 26*d - 5*p - g = 0. List the prime factors of d.
3, 251
Let p(o) = -14*o - 24. Let r be p(10). Let q = r - -326. List the prime factors of q.
2, 3
What are the prime factors of 20 - (-1069178 + 8)/15?
2, 3, 17, 233
Let v be 1849 - 2 - -6 - -4. Let m = v + -521. What are the prime factors of m?
2, 167
Suppose -3*g = g, -g = 376*p - 379*p + 17589. What are the prime factors of p?
11, 13, 41
Let v(r) = 336 + 338 - 660 - 28*r + 5*r**2 + r. List the prime factors of v(9).
2, 11
Let y be (-2964)/27 - 2/9. Let q = 150 + y. What are the prime factors of 1629/15 - (-16)/q?
109
Suppose -g - 4*y + 6788 = -6092, -64350 = -5*g + 5*y. What are the prime factors of g?
2, 1609
Let n(g) = 3*g**2 + 26*g - 138. Suppose -3*d + 96 = 3*d. List the prime factors of n(d).
2, 523
Let k be (2/(-1))/((-4)/(-26)). Let r(y) = 66*y**2 + 4*y + 6*y + 26 - y - 65*y**2 + 2*y. List the prime factors of r(k).
2, 13
Let k(u) = 6109*u**3 + 3*u**2 - 5*u + 5. List the prime factors of k(2).
3, 5431
Let l(h) = 0*h**2 - 2*h**2 + 0*h + 0*h**2 - 9 - 5*h. Let w be l(-6). List the prime factors of (4 + -5)/(-2 + (-101)/w).
3, 17
Let f(p) = 96*p + 196. List the prime factors of f(57).
2, 13, 109
Suppose 2*s = 4*s - 6. Let h(x) = -9*x + 6*x + 2*x**2 + 0*x**2 - 6 + 5*x**2. List the prime factors of h(s).
2, 3
Suppose 2*q - 7 = 9*q. Let p(o) = -45*o - 3. Let c be p(q). Let v = c - 25. List the prime factors of v.
17
Suppose -6 = s - 3. Let h be ((-52)/(-20))/(s/(-15)). Let f = 18 - h. What are the prime factors of f?
5
Let b(k) = -2*k**2 + 43*k + 28. Let f be b(22). Suppose w + 2*w = f*w. Suppose 8*r + w*r = 192. List the prime factors of r.
2, 3
Let d = 412 + -407. What are the prime factors of -7 + (d - -2) - (-837 - -1)?
2, 11, 19
Let p = 34 + -21. Suppose -5*s = p - 13. Suppose s*t + 5*a - 200 = -5*t, 2*t - 88 = -4*a. List the prime factors of t.
2, 3
Suppose -168 = -15*u - 13*u. What are the prime factors of (4/u)/((-1)/(-4404)*4)?
2, 367
Let p = -2817 + 2961. What are the prime factors of p?
2, 3
Let d(c) be the first derivative of 59*c**2 + 12*c + 11. Let w be d(6). Suppose -5*o + w = 7*o. What are the prime factors of o?
2, 3, 5
Suppose o + 9612 = 7*o. Suppose 4*m + 2*w = 2*m + 1070, 3*m + 4*w = o. What are the prime factors of m?
2, 269
Let w be 2 - ((-1 - -4)*-1 + 0). Suppose o + 3 + 5 = x, w*o + 34 = -x. What are the prime factors of 1662/21 + 8/o + 1?
79
What are the prime factors of 1/((((-2)/(-15879))/2)/(374/561))?
2, 67, 79
Let i(x) = -19*x + 66*x + 6 + 5*x**2 - 39*x. What are the prime factors of i(8)?
2, 3, 5, 13
Suppose -120 = -633*h + 573*h. Let t = 537 + -309. Suppose 4*k = 2*v + t, h*k + 2*v + 116 = 4*k. What are the prime factors of k?
2, 7
Let l = 21016 - 10918. List the prime factors of l.
2, 3, 11, 17
Let j(h) = -24*h**3 + h**2 + 4*h - 3. Let t(b) = 25*b**3 - b**2 - 5*b + 3. Let a(y) = 4*j(y) + 3*t(y). Let z = 768 - 770. What are the prime factors of a(z)?
167
Let k = -10455 - -64613. What are the prime factors of k?
2, 13, 2083
Suppose -430 = -4*m - m. Let y = m - 79. List the prime factors of y - 200/28 - (-1016)/7.
5, 29
Let r(h) be the first derivative of 13*h**3/6 - 3*h**2 - 5*h + 7. Let y(n) be the first derivative of r(n). List the prime factors of y(4).
2, 23
Let i(a) = -459*a - 539. What are the prime factors of i(-10)?
4051
Let f(d) = 363*d + d**2 - 3*d**3 - 362*d - 4 + 2*d**3. Let q be f(0). What are the prime factors of (3 - (q + 70))*-1?
3, 7
Suppose 28245 = 11*m + 10*m. Let z = m - 908. List the prime factors of z.
19, 23
Let j = 49783 - -24957. What are the prime factors of (2/(-6))/1 - j/(-111)?
673
Suppose -5*w = -2*h - 4, 4*h = -2*w + 2*h - 4. Suppose w*c + 662 = 2*c. Let z = c - 176. What are the prime factors of z?
5, 31
Suppose 0 = -4*o + 4, 0 = 3*z + 4*o - 1 + 9. Let d be (2/z - 33/6)*-10. List the prime factors of (-157)/(-4) + (-15)/d.
3, 13
Let i(b) = 8*b**2 + 61*b**3 - 26*b - 62*b**3 + 54 + 17*b**2. Let x be i(24). Suppose -x*z = -9*z + 408. List the prime factors of z.
2, 17
Let t(j) = 7*j + 56. Let w be t(-6). Suppose -11 - 17 = -w*m. Suppose -3*f + f + m*l = -286, -2*f = 3*l - 281. What are the prime factors of f?
2, 71
Let s = 16399 - 9796. What are the prime factors of s?
3, 31, 71
Let r = 61 - 55. What are the prime factors of 2632/4 - r*6/9?
2, 3, 109
Suppose -2*k + 603 = 597. List the prime factors of (-33)/(-99) + 2942/k.
3, 109
Suppose -u - 16 = -4*t + 4, t = -2*u - 31. Let p = -20 - u. What are the prime factors of 29*(-4 - (-3 + 0) - p)?
3, 29
Let k be 2*6*(0 - (3 + -2)). Let m(z) = z + 14. Let x be m(k). Suppose 6 = -d + x*d. List the prime factors of d.
2, 3
Let i(s) = 3*s**2 - 33*s + 750. List the prime factors of i(28).
2, 3, 11
List the prime factors of (86922/231)/((-3)/(-42)).
2, 3, 439
Let m = 10760 + -1839. List the prime factors of m.
11, 811
Suppose 0 = -7*j + 191 + 54. What are the prime factors of 1*14*1330/j?
2, 7, 19
Let t = -66 - -66. Suppose t = n - 5*n + 3*c + 415, 4*n - 409 = -3*c. Suppose 19 - n = -2*y. List the prime factors of y.
2, 3, 7
Let t = 225 - -419. Suppose -9*o + t + 661 = 0. List the prime factors of o.
5, 29
Suppose 20*m - 38472 = 402288. Suppose -22*p - 2370 = -m. What are the prime factors of p?
2, 3, 149
Suppose 21*c - 6136 - 5309 = 0. Suppose 5*b = 3*k - c, 4*b - 343 = -2*k + 13. What are the prime factors of k?
2, 3, 5
Let f be (-2)/(0 + (-2)/(-233)). Let x = f + 536. Suppose 4*y - x = 65. List the prime factors of y.
2, 23
Let b(w) = 2109*w - 388. List the prime factors of b(1).
1721
Suppose 16*v + 10288 = 36048. List the prime factors of v.
2, 5, 7, 23
Let h(k) = -126*k + 49. Let n be h(-4). Let d = 955 - n. List the prime factors of d.
2, 3, 67
Let c(o) = 4*o**2 - 5*o**3 - 9*o**3 - 10*o + 3 - 12 + 13*o**3. What are the prime factors of c(-4)?
3, 53
Let x(i) = -49*i**3 - 17*i**2 - 71*i + 129. List the prime factors of x(-7).
2, 5, 83
Let j = 26 + -18. Suppose 19*r + j = 15*r. Let d(o) = 44*o**2 + 3*o + 4. List the prime factors of d(r).
2, 3, 29
List the prime factors of 25 + (25/(-30)*3*-2)/(-1).
2, 5
Suppose -9327 = -3*m - 4*s + 33574, -3*m = 2*s - 42911. List the prime factors of m.
3, 19, 251
Let c = -236 - -298. Let n = c + 134. List the prime factors of n.
2, 7
Suppose -38*v - 15 = -5*o - 37*v, -4*v = 4*o + 12. Let t(r) = r + 5*r**3 - 6 - 2*r**2 + 4 + 4*r. List the prime factors of t(o).
2, 5
Let g = -27 - -31. Suppose -m + 4*n + n = 40, -3*n + 92 = -g*m. Let a(d) = d**2 + 19*d + 7. List the prime factors of a(m).
3
Suppose 13*f = 17*f - 95352. What are the prime factors of f?
2, 3, 29, 137
Suppose -25*n - 5*r - 1646 = -28*n, 2141 = 4*n + r. What are the prime factors of n?
3, 179
Let f(c) = c**3 + 6*c**2 - 3*c - 12. Let l = 56 - 62. Let j be f(l). Suppose -53 = -j*i + 181. What are the prime factors of i?
3, 13
Let k(f) = -202 - 20 + 23*f - 10*f. What are the prime factors of k(33)?
3, 23
Let s(z) = 74*z**2 - 57*z + 138. What are the prime factors of s(-18)?
2, 3, 5, 419
Suppose 0 = -5*n - 2*r + 9409 + 23050, r + 25962 = 4*n. List the prime factors of n.
6491
What are the prime factors of 23147100/1566 - (-2)/(-58)?
3, 13, 379
Suppose 0 = 4*y + 4*k - 1956, 4*y - 3*k - 1003 = 2*y. Suppose -3*d + 7*d = 3*c - 706, y = 2*c + 2*d. List the prime factors of c.
2, 11
Let c = -4 - -8. Suppose 24 - c = 4*b. Suppose 111 = b*q - 89. List the prime factors of q.
2, 5
What are the prime factors of (-18340)/210*((-2094)/4 - 0)?
131, 349
Let q(t) = -4*t + 3*t - 3 + 8 - 6. Let d(x) = -4*x + 38. Let v(a) = d(a) - 6*q(a). What are the prime factors of v(0)?
2, 11
Suppose 0 = -14*z + 4*z + 10. Let u be (13160/(-5))/(-4) - z. Suppose -34*i = -31*i - u. What are the prime factors of i?
3, 73
List the prime factors of (-4665769)/(-391) - 28/(-322).
11933
Let a(d) = -2330*d + 39. What are